3 + 18?
2
What is (-2 - 1) + 4 + -6 + -8?
-13
(8 - -11) + (4 - (7 - 3))
19
What is the value of (-89 - -112) + (-15 - -2) - 1?
9
Evaluate -31 - (-3 + 2 + -15).
-15
Evaluate 11 - (-1 - -1) - (-31 - -32).
10
What is (1 - 11) + (-15 - -22) - -6?
3
Calculate (10 - ((13 - 3) + -7)) + -20.
-13
What is 4 + (6 - 3) + -2 + -2?
3
What is the value of 14 + 4 - 5 - 4?
9
(2 + 12 - 39 - (10 + 2)) + 7
-30
What is (0 + -1 - (-13 - (7 - 1))) + -4?
14
Calculate -36 + 41 - ((14 - 1) + -9 + 9).
-8
Calculate 33 + (-29 - -19) + -35.
-12
What is (18 - 8 - 18) + -10 + (-1 - 5)?
-24
Calculate 0 - ((-1 - -3) + (-7 - -7) + 4).
-6
Evaluate 17 - (10 + -1) - (3 + 0).
5
Calculate 18 - (29 - 3) - -12.
4
What is -7 - (2 - (1 - -22 - 5))?
9
Calculate 38 + (28 - 29) - 38.
-1
-1 - (-30 + (8 - 20) + 25)
16
What is (-19 - -40) + -5 - 8?
8
Evaluate (-19 - 4) + 27 - -13.
17
What is the value of -37 + -3 + (3 - -13)?
-24
4 - (11 - (5 + -2 + 3)) - 6
-7
Evaluate 39 + -16 + -6 + -42 - 1.
-26
What is -47 + 42 - (-11 - -1 - -2)?
3
What is the value of 22 - ((-6 - 15) + 32)?
11
What is -10 + 1 - (-7 + 3 + 10 + -3)?
-12
Evaluate 13 - (17 + 18 + -40).
18
What is the value of 23 - (-11 + 30) - (1 + 1)?
2
Evaluate -3 + -11 - (7 - ((-5 - 2) + 14)).
-14
4 - (-13 + 20 + 13)
-16
What is the value of 1 + 3 - (6 + -5)?
3
Calculate -12 + 18 + -6 - (-3 - -3 - 0).
0
Evaluate 24 - (-7 - (15 + -64)).
-18
Calculate (19 - 23) + 4 + 4 + -9.
-5
Calculate -4 + (1 - 14 - -1) + 0 - -6.
-10
Calculate -25 + (1 - -7) + (35 - 50).
-32
What is the value of -10 + -26 + 43 + -19?
-12
What is 1 + -19 - (6 + -13 - -2)?
-13
Calculate -15 + 6 + (-1 + 8 - 4).
-6
Evaluate -15 + 27 + 0 + 0 - 8.
4
Calculate -5 + (25 - 1) + (0 - 8).
11
What is the value of (13 - -1) + (-414 - -401)?
1
What is (-1 - 0) + (13 - 3) - (-25 + 25)?
9
176 + -163 - (1 - 2 - -7)
7
Evaluate -144 - -145 - (10 - 0) - 6.
-15
What is (-3 - (6 - 0)) + (2 - -13)?
6
Calculate 26 + (-21 - (-26 + 12)) + -4.
15
What is the value of 2 + (39 - 44) - ((-1 - 28) + 2)?
24
Evaluate (-4 - -2) + (-1 - 0) + (-28 - -29).
-2
What is -3 - (11 + -40 + 15)?
11
3 + -4 - (13 + -13)
-1
Evaluate 26 + -19 + (0 + -1 - 8) - 6.
-8
Calculate (0 - (24 + -7 - 8)) + -3 + 0.
-12
What is the value of -4 + -5 + (15 - 11) + 3?
-2
What is the value of 3 + -6 + (14 - (37 - 13))?
-13
Calculate 15 + 0 + -32 + (42 - 45).
-20
What is the value of (-1 + -3 + 6 - 8 - -3) + 8?
5
What is the value of 14 + 12 + -19 + 4?
11
Evaluate -8 + (-30 + (9 - -47) - (5 + 0)).
13
Calculate -2 - -6 - (752 - 736).
-12
What is 7 - (4 + 5) - 11?
-13
Calculate -3 + 2 - (-312 + 331).
-20
What is the value of -5 + -1 + 0 - (119 + -112)?
-13
What is the value of 40 - (-18 + 81) - 10?
-33
(5 - -1) + (6 + -25 + 2 - -2)
-9
21 - (12 - (11 + -13))
7
Evaluate -20 + (3 - 5) + 11.
-11
-35 + (-2 - -30 - -4)
-3
32 + -63 + 32 - (1 + -2)
2
-3 + 4 - 0 - (-25 + 23) - 6
-3
What is 7 + -20 + (43 - 13)?
17
Calculate -9 + -30 + 43 - (9 - (1 - 3)).
-7
What is -15 + 37 + (-3 + 0 - 2 - -3)?
20
What is the value of 19 - ((32 - 59) + 18)?
28
What is 6 - (-6 - -25 - (-14 - -19))?
-8
What is the value of 34 + -6 + (30 - 49)?
9
Evaluate (-44 - -52) + 13 + (-3 + 1 - 0).
19
What is 6 + -15 + 8 + (1 - (-3 - -5))?
-2
-25 - (12 - 0 - 24) - (1 - 0)
-14
Evaluate 2 + (18 - 11) - 0.
9
What is the value of (23 - (-9 - -15)) + 3?
20
Evaluate 7 + (-11 - (7 + -13 + 5)) + 2.
-1
What is the value of -33 - (20 - -8 - 68)?
7
What is the value of -4 - (-16 + 15 + -3)?
0
What is 19 - ((-8 - (2 + 0)) + 5)?
24
Calculate 0 - -9 - (10 - (2 + -3)).
-2
Calculate (27 - (15 + -27 - -31)) + (2 - -21).
31
What is -3 + 4 + -2 + 5 - (2 + 1)?
1
What is -27 + (23 - -8) - (12 - 2)?
-6
Calculate (-27 + 28 - (1 + 7 + -3)) + -2.
-6
What is the value of (112 - 87) + (0 - 2) + (-6 - -15)?
32
Calculate (-8 - -1) + -8 + 11 + -9 + 1.
-12
What is the value of (-9 - 16) + -11 - -67?
31
What is (-24 - (6 - 12) - -33) + 11?
26
What is 12 + -6 + 7 + -5 + 3?
11
Evaluate -11 + (7 - (-24 - -11) - 2).
7
What is the value of -1 + (17 - 16) + (-5 - -1)?
-4
What is (-28 - 0) + (-846 - -846)?
-28
(-6 + -2 - -4) + -1 - -2 - 0
-3
What is the value of 28 - 45 - -3 - ((4 - -3) + -1)?
-20
Evaluate -8 + -3 + (4 - 1) - 1.
-9
(-9 - -7) + (-1 - 6)
-9
What is the value of -11 + -8 + (11 + 0 - 13)?
-21
-15 - (-51 - -27) - (-1 + 0)
10
Calculate -29 + 8 - (-7 + -4).
-10
Calculate -11 + 15 + -2 - 4.
-2
What is the value of 4 + (-6 - -8) + -2 + -9?
-5
Calculate -28 + -18 + 45 - -11.
10
6 - 7 - (3 - 7)
3
What is (15 - 11) + (-4 - 0)?
0
What is the value of (0 - (-19 - 1)) + (-275 - -269)?
14
What is the value of -4 + (1 - -1 - (-15 - -14 - 7))?
6
Evaluate (48 - 47) + (-3 + 11 + -1 - -1).
9
Evaluate -5 + -6 + 10 - -2.
1
1 + (2 - 5) + 0 + (-53 - -78)
23
What is (20 - 38) + -1 + 28?
9
What is the value of 16 + (-15 - -17) + -19?
-1
Evaluate 8 + (0 - -2) + 13.
23
Calculate (1831 - 1827) + (0 + -2 - (-1 - 12)).
15
Evaluate 32 - ((-28 - 10) + 49).
21
Evaluate (-1 - (4 - -1)) + 22 + -27 + 4.
-7
What is the value of -10 + (-27 - -31) + (-7 - 0) + -1?
-14
-15 - (-35 - -14 - 2)
8
Evaluate 0 + 11 + -12 + -4 + 0 + 6.
1
Evaluate 6 + 6 + 0 + -6 + -19.
-13
What is -3 - ((2 - 11) + (5 - -20))?
-19
What is 7 + -14 - (-1 + (-2 + 0 - -10))?
-14
What is 18 - (-18 - -34) - (10 + -2)?
-6
What is the value of -23 - (-23 - 0) - (-1 - 12)?
13
What is the value of -11 + (53 - 56 - (0 - (8 - 0)))?
-6
Calculate 3 + (11 + -3 - 3) + 21 + 8.
37
Evaluate 10 - (-32 - -34) - -9.
17
Evaluate 3 - 2 - (-18 - -2) - 51.
-34
What is 103 + -64 - ((12 - (2 - -4)) + -2)?
35
What is (-7 + (-5 - -15) - 8) + 13 + 2?
10
What is the value of -12 + (5 - 2) + 3 + (9 - 8)?
-5
What is the value of -16 + (12 + 20 + -23 - (-1 + 0))?
-6
Evaluate -1 + (1 - 2) + 3 + 3 + 3.
7
What is the value of 7 + (0 + -4 - (24 + -2))?
-19
Calculate -3 - 0 - (-252 + 266).
-17
(11 + -2 - -3) + -21 + 0
-9
(3 - ((-11 - -26) + -10)) + -21
-23
Calculate -6 + -10 + (5 - 2) + 1 - -3.
-9
What is the value of 1 - -15 - 5 - (7 + -1)?
5
Calculate -7 - ((8 + 1 - -8) + -2 - 8).
-14
What is the value of -15 - (12 + -25) - (0 - (-3 + -3))?
-8
-8 + 9 + 6 + -19 + 21
9
Evaluate 5 + -7 + (-4 + 1 - -1 - -6).
2
Calculate -9 - (1 + -7 - (-207 + 207)).
-3
What is 17 - (-18 + 3 + -3 + 3)?
32
What is the value of 0 + 5 - (-2 + 2 + -1 + -3)?
9
Evaluate -2 - (10 - 3) - (-2 - (-7 + 30)).
16
Calculate 4 - (-2 + -8) - (-18 + 12).
20
What is (-90 - -39) + 51 - (18 + 2 + 0)?
-20
What is the value of 1 + 4 - (-59 + (-28 - -83))?
9
What is 3 - ((4 - 8) + -5 + 8)?
4
-3 + 4 + -2 + 9 - -17
25
11 + -14 - -7 - 6 - 15
-17
Evaluate (1 + 0 - (1 - 0)) + 13364 + -13358.
6
What is (-6 - (-4 - -2)) + 2 + -4 + 15?
9
Calculate 5 + 3 - 21 - 9.
-22
Evaluate -1 + -15 + 390 + -379.
-5
Calculate 50 + -1 - (-7 + 24).
32
What is (1 - 13 - 1) + (14 - 0) + -6?
-5
Calculate 5 + (12 - 7) + -10.
0
Calculate 220 - 214 - (30 + (-1 - 0)).
-23
What is -6 + -1 + 19 + 6 + (6 - 14)?
10
What is -44 - (-14 + -22) - -49?
41
What is -4 + (20 + (-7 - 2) - 7)?
0
Evaluate -2 + -34 + 18 - -14 - (1 + 10).
-15
Evaluate -10 + ((-1 - -7) + 11 + -15 - -6).
-2
Calculate (-6 - 0) + (-1 - (-2 - (-4 + -3))).
-12
What is the value of 6 + (9 - 25 - -10) + 10?
10
Evaluate -17 - (4 - (-20 + 34)).
-7
Calculate (16 - -12 - 18) + (13 - (-4 + 8)).
19
Evaluate (20 - 8) + -35 + (-3 + 1 - 4).
-29
-216 + 202 + 9 + 0
-5
What is the value of (-19 + 7 - -10 - 5) + 6 + -6?
-7
Calculate -8 - -4 - (-31 + 18).
9
(2 - -5) + (24 - 20)
11
Calculate 30 + -51 - (-7 + 1) - (4 - 9).
-10
Calculate (30 - (11 - -2)) + -4 + -4.
9
Evaluate (3 - 10) + 6 + -26 + 11.
-16
Evaluate -5 + (46 - 35 - 26).
-20
(-7 - -2) + 7 - (6 - -1)
-5
What is 2 + 1 - (-114 + 130 - (14 + -1))?
0
Calculate (-11 - (33 + -21)) + 31.
8
What is the value of (43 + -16 - 33) + 20?
14
What is 2 - ((-17 - -15) + -23)?
27
(-2 + 19 - 0) + 23 + -28
12
-12 + (-15 - -24) + 6
3
Calculate (-582 - -581) + (2 - 1 - (-4 + 3)).
1
Evaluate (32 - 29) + -22 + (-3 - (-1 - 7)).
-14
What is 15 + 153 + -155 - (9 + -1 + 1)?
4
Calculate -10 + 25 + -14 + -4.
-3
Evaluate (7 + -4 + (28 - 6) - 7) + -1.
17
What is ((4 - -5) + -5 - -4) + -45 + 35?
-2
Evaluate (3 - 8) + -1 + -4 + 31 + -17.
4
What is 15 + 20 + -7 + (6 - 13)?
21
-21 - -3 - (173 + -175)
-16
Calculate 0 + (4 - (14 + -8)) + 4 + -2.
0
What is the value of -2 + 3 - -4 - (-240 - -238)?
7
Calculat